e of -63 + (30 + -39 + 24 + -6 - 12)?
-66
Calculate 9 + -2 + -22 + (-71 - -83).
-3
Calculate (151 + -164 - (-5 + 5)) + -12 + 2.
-23
32 + (32 + (14 - 38) - -17)
57
-66 + 69 - (-3 + 12 + -10)
4
Evaluate (-5 + (20 - (-12 - -6)) - -6) + 0 + 12.
39
Calculate -1 - (-8 - 5 - (4 - 8)) - -14.
22
Evaluate 13 + 10 + -204 + 239.
58
(-219 - -218) + (-1 + -5 - (-6 + 1) - -57)
55
Calculate 263 + -176 - ((-17 + -4 - -15) + (12 - 1)).
82
Evaluate -21 + (28 - -67 - (-20 + 15)).
79
-8 + -35 + -8 + (11 - 7) - -13
-34
-81 + -18 + 30 + -20 - -13
-76
What is the value of -16 + (-4 - 6 - 0 - (-189 + 158))?
5
Evaluate (16 - 4) + -3 - ((-1 - 19) + 10) - -9.
28
Calculate (-15 - 10 - -27) + 11 + -6 + 10.
17
(-83 - 157) + 140 - -133
33
What is the value of (8 - (-20 + 4 - -8)) + (29 - 32)?
13
-5 + 6 + -86 - -14 - -2 - 5
-74
What is the value of 91 - (24 + -39 - -82)?
24
Calculate (-5542 + 5546 + (0 - (10 + -1)) - 0) + 13.
8
What is 73 + (53 - 74 - 29)?
23
What is the value of 6 - (-3 + 14 + 3 - -3) - (36 - -8)?
-55
-1 + 1 + (-4 + 22 - (6 + 14))
-2
Evaluate 216 - (23 + 66 + 68).
59
Calculate -27 + -2 + (-831 - -846).
-14
Evaluate (-3 - (-1 - -2)) + (58 - (8 - -11)).
35
-16 - (-108 + -23 + 14 + -9 + 22)
88
Evaluate -20 + (105 - (-51 + 172)).
-36
What is the value of -44 + 46 + 21 + (-17 - (9 + -5))?
2
What is 7 - (76 - (105 - 37))?
-1
What is the value of -27 + (3 - -40) + (-15 - 6 - -7)?
2
What is the value of 129 - 266 - -285 - -2?
150
Evaluate 9 + (7 - -3) + (80 - 88).
11
Calculate (288 - 114) + -129 + 0 + (0 - 2) + 0.
43
What is 36 + -78 + 121 + 42?
121
What is 33 - (17 - (-12 + 2 + 20)) - -14?
40
40 + 44 + 18 + -89
13
Evaluate (40 + -15 - (-12 + 17)) + (2 - (14 - 2)).
10
What is -169 + 96 - (-11 + 5)?
-67
45 + (93 - (-58 + 134))
62
What is (1 - 4 - -98) + (-2118 - -2112)?
89
What is (-80 - -86) + (-10 - -7) - (6 + 0) - 48?
-51
Evaluate -4 + 37 + -7 + (36 - 14).
48
Evaluate 24 + (49 - 31) + (-1 - 52) + -41 + -1.
-53
Calculate 37 - ((17 - 25) + 9 - 18).
54
Evaluate -18 + (-24 - -11) + 32 + 5.
6
What is 148 + (17 - 130) - (5 + -77)?
107
What is 71 + (-107 - (-149 - 16))?
129
(32 - -16 - 31) + -24 + 105
98
What is the value of (0 - -32) + -1 + (5 - (10 - (6 - -2)))?
34
Evaluate (3 - -95) + 2 + -16.
84
What is 24 + (66 - 2) + -24 + -36?
28
What is the value of -1 + 0 - ((13 - 32) + 0 + (-4 - -85))?
-63
81 - 55 - (-17 - 2 - -7)
38
Evaluate -13 + ((4 - -38) + -20 - 56).
-47
What is -2175 - -2188 - ((-2 - (1 - 2)) + 54)?
-40
What is (-23 - 1) + (54 + (-23 - 52) - (-31 - 2))?
-12
What is the value of (-69 - -43) + (-34 - -119)?
59
Calculate -62 - -112 - (72 + -31).
9
28 + (-3 - -7 - -1) + 110 + -114
29
-17 - (-54 - -95) - -23
-35
Evaluate -3 - 120 - (1855 + -1937).
-41
-895 + 875 + (-20 + 0 - -1)
-39
-251 + 229 - (-5 + 76) - 6
-99
Evaluate 55 - ((-7 - (-11 + 15)) + 16 - -3).
47
What is -16 + (-34 - -22) + (2 - -22) - -43?
39
Calculate (-5 - (-4 + 3 + -8)) + -8 - (-39 - 8).
43
Calculate (28 - 1) + (0 - (14 + 0)) + (30 - 8).
35
0 - 35 - ((-47 - -56) + 7)
-51
What is (48 - 3) + -5 + 3 - (-49 - -43)?
49
Evaluate -17 + 3 + -153 + 120 - -17.
-30
(1 - -1) + (-66 - -56 - (1 - 1) - -5)
-3
Calculate 83 + (1 - 13) - -7 - -16.
94
Evaluate 20 + 4 + (930 - 1023).
-69
What is the value of 40 + 2 + 366 + -386?
22
What is -59 - (-4 - 65) - 62?
-52
What is (9 + -4 - 10) + (-21 + -26 - -61)?
9
What is (0 - -3 - -6) + 781 + -860?
-70
What is the value of (-6253 - -6237) + (-2 - (-2 - -8))?
-24
What is the value of (0 - 1 - (3 + -6)) + 79 + 117 + -105?
93
What is -104 + 165 - (137 + -46)?
-30
What is the value of 30 + -15 - -17 - (-6 - -27)?
11
Calculate 23 - (7 + -8 - -33) - (-1 + 67).
-75
-3 + 0 - (22 - (-4 - (8 + (-3 - 2))))
-32
What is the value of 10 + (-28 - (21 - 35)) + -5?
-9
34 + (-43 + 10 - -3) + 14
18
Calculate (-17 + 14 - (22 + -29 - (-44 - 0))) + 1.
-39
What is the value of -10 + -43 + 49 + -65 + -2 + -2?
-73
Calculate -77 - (43 - 132) - 48.
-36
Calculate 66 + (-42 + (74 - 41) - 15).
42
Calculate (-19 - -7) + (19 - 17) - -13.
3
What is the value of -99 - (-157 - -119 - 97)?
36
What is the value of (4 - 0 - (-125 + 147)) + -26?
-44
Evaluate 8 - (-37 - -3 - (9 + 3 - -4)).
58
Calculate 57 - (41 + -22) - -77.
115
Evaluate 32 + (-30 + -1 - (315 - 326)).
12
Evaluate -4 + 2 + -11 - 5 - (-495 + 550).
-73
14 - 0 - (11 - (121 - 52))
72
-55 - (29 + -12 + -47)
-25
What is -47 + -17 + (-49 - -124)?
11
14 - -2 - (-39 - (-23 + 39))
71
Evaluate 11 + (7 + (5 - 12) - (-28 - -9)).
30
What is the value of (-30 - (-2 - 20)) + 16 + 1?
9
Calculate 16 + (-12 - (-36 - (-31 - 53))).
-44
(-124 - -98) + 117 + -188
-97
Evaluate -28 + -2 - (-6 - 7) - (24 - 30).
-11
What is the value of 13 - ((4 - 0) + 2 + 3801 + -3842)?
48
Calculate (-53 + -27 - -26) + 95.
41
What is 85 + -128 + 74 + (-2 - -2 - 10)?
21
51 + (-78 + -13 - -56)
16
What is the value of -12 - -10 - (-101 + 146)?
-47
What is the value of (823 - 794) + 0 + -84 + -1 + -5 + 1?
-60
Evaluate 1 + -53 - (-388 + 430 - (0 - -53)).
-41
Calculate 150 - (174 - 70) - 48.
-2
What is 0 + 13 + 4 + (-9 - 53)?
-45
Calculate 148 - 178 - (8 + 93).
-131
Calculate (6 + (-7 - 4) - -6) + (9 - 9) + -5.
-4
Calculate (20 - (-14 + -2 - -31)) + (-5 - -47) + -4.
43
What is (4 + 0 + 11 - 14) + -10 - 1?
-10
46 - (-15 + 57 + -23) - 105
-78
What is -113 + (10 - (-45 + 8 + 23))?
-89
Evaluate (390 - 262) + (23 - 130).
21
Evaluate -11262 + 11366 - (36 + -1).
69
Calculate 24 + (-308 - -238 - (21 + -1)).
-66
Evaluate 0 + 14 + (-43 - -67).
38
What is the value of -119 - ((-184 - -127) + 7)?
-69
Calculate -11 - (40 + -51) - -24.
24
What is -12 - (7 + -15) - (4 - (2 + -7 + 1))?
-12
What is 143 + (-70 + (74 - 32) - -12)?
127
What is (64 - (58 - -24)) + -28 + 1?
-45
What is -6 + (5 - 22) - (-409 - -326)?
60
Calculate -7 + -79 + 135 - 47.
2
Calculate 18 - ((5 - -20) + (-47 - -40) + -15).
15
Evaluate (43 - (-8 + 3)) + (20 + -9 + 6 - 3).
62
-192 - (83 - (119 + 85))
-71
What is -10 - (132 + -96) - -131?
85
What is the value of 109 + -27 + (31 + -19 - 4)?
90
Calculate (9 - (31 - (41 + -28))) + (-1 - -13) - 18.
-15
(48 - 20) + 28 + -11 + 3
48
What is -9 + 19 + -13 + 16 + -7?
6
What is the value of (-3 - 17) + 3 + 26 - -45?
54
What is the value of 4 + 24 + (-3487 - -3348)?
-111
What is the value of 1004 + -1009 - ((-3 - 2) + -2) - -40?
42
What is (-36 + 2 - -20) + 11 + (-3 - 1)?
-7
(16 - 3) + -6 - (0 - (1 - -2))
10
Evaluate (0 - -24) + (-46 - (-81 + 61)).
-2
What is (24 - -2) + -161 + 58 + 10?
-67
What is (-3186 - -3172) + 0 + -2 + 4 + 0 + -2?
-14
What is (-9 - (-101 - -130)) + 51?
13
What is 16 - (-10 + 6) - (-36 - -7 - -16)?
33
(6 - 76) + 48 + 40
18
What is the value of 108 - 0 - (11854 - 11764)?
18
Calculate 910 - 889 - (0 - -71) - -28.
-22
What is 17 - (94 - 59) - (-6 + 74)?
-86
Evaluate (11 - (5 + (-10 - -14))) + 10 + (-6 - 2).
4
What is -11 + (-16 - ((459 - 451) + 0 + 56))?
-91
What is 2 + (-10 + 12 - 36 - -8)?
-24
Calculate -37 - 13 - (12 + -12 - 13 - 5).
-32
What is the value of 11 + 3 - (39 - (31 + -15))?
-9
What is the value of (-164 - -176) + (-7 - (-5 + 9 - -51))?
-50
-49 + (28 - (-2 - -7)) + -52
-78
-3 + (4 - 3 - (-16 - (16 + -22)))
8
Calculate (103 - (119 - 29)) + -26.
-13
Evaluate (0 - -30) + -777 + 743 + 1.
-3
Calculate -13 - (22 + (-28 - 12) + 2).
3
46 + (5 + (-4 - -3 - 4) - (0 + -6))
52
Evaluate (13 - (-11 + 25)) + -16 - -19 - 111.
-109
Calculate (-8 + 48 + 16 - 16) + -33.
7
(-7549 - -7550) + 25 + 1
27
(26 - (47 - 5)) + 9
-7
What is the value of -107 - ((105 - 70) + -231)?
89
Calculate -7 - (-7 + -24 - (-24 - -17 - -6)).
23
Calculate (-36 - -55 - 14) + -35 + 46.
16
Calculate 0 + -1 + 2 - 50 - (-14 + (-37 - -55)).
-53
(23 - 1) + (3 - ((-1 - 20) + 16))
30
What is the value of -28 + (-36 - -23) - -30 - 22?
-33
(-37 - -75) + 16 - 68
-14
Evaluate -1 - -41 - (-10 + (24 - (-8 - -30) - 3)).
51
Calculate (-26 - 1) + -7 + 32.
-2
What is the value of 5 - (14 + (-1 - -13 - (152 + -146)))?
-15
61 + -55 - (62 - -12)
-68
What is 0 - 6 - ((19 - 17) + (-3 - 15))?
10
What is the value of -13 - (-4 - 0) - (98 - 96) - -7?
-4
What is -5 + (-17 - -6) - (-154 - -106)?
32
Evaluate 2 + 3 + (1295 - 1280).
20
(-56 - -126) + (3 - 25 - 6)
42
(75 - 31) + -24 + -37 + -1 + 31
13
What is the value of 206 + -270 - (-109 - -2)?
43
Calculate 26 + (7 - 11) - (-5 - 4).
31
Calculate 30 + -26 - (-16 + 3 - ((1 - 0) + 5)).